{"id":281,"date":"2025-04-09T13:21:29","date_gmt":"2025-04-09T11:21:29","guid":{"rendered":"https:\/\/www.dipujaen.es\/forolince\/?page_id=281"},"modified":"2025-11-11T13:45:28","modified_gmt":"2025-11-11T12:45:28","slug":"aviso-legal","status":"publish","type":"page","link":"https:\/\/www.dipujaen.es\/forolince\/aviso-legal\/","title":{"rendered":"Aviso Legal"},"content":{"rendered":"\t\t<div data-elementor-type=\"wp-page\" data-elementor-id=\"281\" class=\"elementor elementor-281\" data-elementor-post-type=\"page\">\n\t\t\t\t<div class=\"elementor-element elementor-element-68a07689 e-flex e-con-boxed e-con e-parent\" data-id=\"68a07689\" data-element_type=\"container\" data-e-type=\"container\">\n\t\t\t\t\t<div class=\"e-con-inner\">\n\t\t\t\t<div class=\"elementor-element elementor-element-29770547 elementor-widget elementor-widget-heading\" data-id=\"29770547\" data-element_type=\"widget\" data-e-type=\"widget\" data-widget_type=\"heading.default\">\n\t\t\t\t<div class=\"elementor-widget-container\">\n\t\t\t\t\t<h1 class=\"elementor-heading-title elementor-size-default\">AVISO LEGAL<BR><BR>INFORMACI\u00d3N GENERAL EN CUMPLIMIENTO DE LA NORMATIVA DE SOCIEDAD DE LA INFORMACI\u00d3N Y DE PROTECCI\u00d3N DE DATOS DE CAR\u00c1CTER PERSONAL.<\/h1>\t\t\t\t<\/div>\n\t\t\t\t<\/div>\n\t\t\t\t<div class=\"elementor-element elementor-element-50821642 elementor-widget elementor-widget-text-editor\" data-id=\"50821642\" data-element_type=\"widget\" data-e-type=\"widget\" data-widget_type=\"text-editor.default\">\n\t\t\t\t<div class=\"elementor-widget-container\">\n\t\t\t\t\t\t\t\t\t<div class=\"et_pb_module et_pb_text et_pb_text_1 et_pb_text_align_left et_pb_bg_layout_light\"><div class=\"et_pb_text_inner\"><div class=\"et_pb_module et_pb_text et_pb_text_1 et_pb_text_align_left et_pb_bg_layout_light\"><div class=\"et_pb_text_inner\"><div class=\"entry-content clear\"><div class=\"elementor elementor-2034\" data-elementor-type=\"wp-page\" data-elementor-id=\"2034\" data-elementor-settings=\"[]\"><div class=\"elementor-section-wrap\"><section class=\"elementor-section elementor-top-section elementor-element elementor-element-ce57cff elementor-section-boxed elementor-section-height-default elementor-section-height-default\" data-id=\"ce57cff\" data-element_type=\"section\"><div class=\"elementor-container elementor-column-gap-default\"><div class=\"elementor-column elementor-col-100 elementor-top-column elementor-element elementor-element-0581603\" data-id=\"0581603\" data-element_type=\"column\"><div class=\"elementor-widget-wrap elementor-element-populated\"><div class=\"elementor-element elementor-element-308061a elementor-widget elementor-widget-text-editor\" data-id=\"308061a\" data-element_type=\"widget\" data-widget_type=\"text-editor.default\"><div class=\"elementor-widget-container\"><p><strong>Titularidad del sitio web<\/strong><\/p><p>Dominio:\u00a0forolince.dipujaen.es<\/p><p>Titular: Diputaci\u00f3n Provincial de Ja\u00e9n<\/p><p>Domicilio: Plaza de San Francisco, 2, 23071 Ja\u00e9n<\/p><p>Tel\u00e9fono: 953 276 977<\/p><p>Correo electr\u00f3nico:\u00a0forolince@dipujaen.es<\/p><p>\u00a0<\/p><p><strong>CONDICIONES GENERALES DE UTILIZACI\u00d3N<\/strong><\/p><ol><li><strong> Limitaciones de uso<\/strong><\/li><\/ol><p>El acceso a este portal tiene car\u00e1cter gratuito y su visualizaci\u00f3n no requiere previa suscripci\u00f3n o registro alguno.<\/p><p>Los usuarios utilizar\u00e1n la informaci\u00f3n contenida en este portal respetando los derechos de propiedad intelectual de la Diputaci\u00f3n Provincial de Ja\u00e9n.<\/p><p>El usuario no realizar\u00e1 a trav\u00e9s de los servicios que pone a su disposici\u00f3n la Diputaci\u00f3n Provincial de Ja\u00e9n ninguna acci\u00f3n que cause da\u00f1o o alteraciones de los contenidos, ni obstaculizar\u00e1 el buen funcionamiento del sitio web, no causando problemas t\u00e9cnicos de ninguna \u00edndole, no transfiriendo elementos susceptibles de portar virus inform\u00e1ticos o de da\u00f1ar, interferir o interceptar total o parcialmente la presente web, as\u00ed como a no intervenir o alterar el correo electr\u00f3nico de otros usuarios.<\/p><p>En ning\u00fan caso la Diputaci\u00f3n Provincial de Ja\u00e9n ser\u00e1 responsable del uso inadecuado de este portal o de sus contenidos, o de las consecuencias que dicho uso pueda originar.<\/p><ol start=\"2\"><li><strong> Limitaci\u00f3n de responsabilidad<\/strong><\/li><\/ol><p>La Diputaci\u00f3n Provincial de Ja\u00e9n no garantiza que sus p\u00e1ginas se encuentren operativas, ni que sus contenidos sean completos, exactos o fiables en todo momento. La Diputaci\u00f3n Provincial de Ja\u00e9n se reserva el derecho a modificar en cualquier momento, sin previo aviso, los contenidos de este sitio web y las Condiciones Generales de Acceso.<\/p><p>En caso de efectuar operaciones de mantenimiento, reparaci\u00f3n, actualizaci\u00f3n o mejora de los servicios, la Diputaci\u00f3n Provincial de Ja\u00e9n tiene el derecho a suspender temporalmente y sin necesidad de preaviso el acceso al presente sitio web, as\u00ed como a reservarse el derecho de prestaci\u00f3n o cancelaci\u00f3n de los servicios, procurando ponerlo en conocimiento de los usuarios, siempre que las circunstancias as\u00ed se lo permitan. De encontrar cualquier error o tener cualquier problema con este sitio le rogamos remita un correo electr\u00f3nico a: forolince@dipujaen.es.<\/p><p>Diputaci\u00f3n de Ja\u00e9n se excluye cualquier de responsabilidad por los da\u00f1os y perjuicios de cualquier naturaleza que puedan derivarse de la falta de disponibilidad o de continuidad del funcionamiento del sitio web y de sus servicios y la utilidad que los usuarios hubieran podido atribuir al presente sitio web.<\/p><ol start=\"3\"><li><strong> Otras condiciones<\/strong><\/li><\/ol><p>Las presentes Condiciones Generales de Utilizaci\u00f3n y todas las relaciones que se establezcan entre el usuario y la Diputaci\u00f3n Provincial de Ja\u00e9n se regir\u00e1n por la legislaci\u00f3n espa\u00f1ola.<\/p><p>La utilizaci\u00f3n del sitio web implica la aceptaci\u00f3n de las anteriores Condiciones Generales de Utilizaci\u00f3n.<\/p><\/div><\/div><\/div><\/div><\/div><\/section><\/div><\/div><\/div><\/div><\/div><\/div><\/div>\t\t\t\t\t\t\t\t<\/div>\n\t\t\t\t<\/div>\n\t\t\t\t\t<\/div>\n\t\t\t\t<\/div>\n\t\t\t\t<\/div>\n\t\t","protected":false},"excerpt":{"rendered":"<p>AVISO LEGALINFORMACI\u00d3N GENERAL EN CUMPLIMIENTO DE LA NORMATIVA DE SOCIEDAD DE LA INFORMACI\u00d3N Y DE PROTECCI\u00d3N DE DATOS DE CAR\u00c1CTER PERSONAL. Titularidad del sitio web Dominio:\u00a0forolince.dipujaen.es Titular: Diputaci\u00f3n Provincial de Ja\u00e9n Domicilio: Plaza de San Francisco, 2, 23071 Ja\u00e9n Tel\u00e9fono: 953 276 977 Correo electr\u00f3nico:\u00a0forolince@dipujaen.es \u00a0 CONDICIONES GENERALES DE UTILIZACI\u00d3N Limitaciones de uso El acceso [&hellip;]<\/p>\n","protected":false},"author":1,"featured_media":0,"parent":0,"menu_order":0,"comment_status":"closed","ping_status":"closed","template":"","meta":{"footnotes":""},"class_list":["post-281","page","type-page","status-publish","hentry"],"_links":{"self":[{"href":"https:\/\/www.dipujaen.es\/forolince\/wp-json\/wp\/v2\/pages\/281","targetHints":{"allow":["GET"]}}],"collection":[{"href":"https:\/\/www.dipujaen.es\/forolince\/wp-json\/wp\/v2\/pages"}],"about":[{"href":"https:\/\/www.dipujaen.es\/forolince\/wp-json\/wp\/v2\/types\/page"}],"author":[{"embeddable":true,"href":"https:\/\/www.dipujaen.es\/forolince\/wp-json\/wp\/v2\/users\/1"}],"replies":[{"embeddable":true,"href":"https:\/\/www.dipujaen.es\/forolince\/wp-json\/wp\/v2\/comments?post=281"}],"version-history":[{"count":13,"href":"https:\/\/www.dipujaen.es\/forolince\/wp-json\/wp\/v2\/pages\/281\/revisions"}],"predecessor-version":[{"id":1846,"href":"https:\/\/www.dipujaen.es\/forolince\/wp-json\/wp\/v2\/pages\/281\/revisions\/1846"}],"wp:attachment":[{"href":"https:\/\/www.dipujaen.es\/forolince\/wp-json\/wp\/v2\/media?parent=281"}],"curies":[{"name":"wp","href":"https:\/\/api.w.org\/{rel}","templated":true}]}}